
{"id":139,"date":"2025-11-05T14:02:52","date_gmt":"2025-11-05T13:02:52","guid":{"rendered":"https:\/\/zsp15.edu.wroclaw.pl\/?page_id=139"},"modified":"2026-04-09T15:31:03","modified_gmt":"2026-04-09T13:31:03","slug":"dokumenty-sp25","status":"publish","type":"page","link":"https:\/\/zsp15.edu.wroclaw.pl\/index.php\/szkola-podstawowa-nr-25\/dokumenty-sp25\/","title":{"rendered":"Dokumenty"},"content":{"rendered":"<div class=\"wpb-content-wrapper\"><p>[vc_row][vc_column css=&#8221;.vc_custom_1762349529647{background: #424D84 url(https:\/\/przedszkola.edu.wroclaw.pl\/wp-content\/uploads\/sites\/30\/2021\/06\/tlo.png?id=) !important;}&#8221;][vc_tta_tabs section_title_tag=&#8221;h2&#8243; color=&#8221;white&#8221; active_section=&#8221;1&#8243;][vc_tta_section title=&#8221;Dokumenty&#8221; tab_id=&#8221;1605250266111-837ee8f6-d1a9&#8243;][vc_column_text css=&#8221;&#8221;]<\/p>\n<h2 style=\"text-align: center\">Dokumenty<\/h2>\n<h3>2025\/2026<\/h3>\n<ul>\n<li><a href=\"https:\/\/zsp15.edu.wroclaw.pl\/wp-content\/uploads\/sites\/87\/2025\/11\/1_09_25_SP25_Plan_pracy_szkoly_25_26.pdf\" target=\"_blank\" rel=\"noopener\">Plan pracy dydaktyczno-wychowawczej SP 25.pdf ( 842 KB)<\/a><\/li>\n<li><a href=\"https:\/\/zsp15.edu.wroclaw.pl\/wp-content\/uploads\/sites\/87\/2025\/11\/1_09_25_Program_prof_wych_25_26.pdf\" target=\"_blank\" rel=\"noopener\">Szkolny Program Profilaktyczno-Wychowawczy SP 25.pdf (286 KB)<\/a><\/li>\n<\/ul>\n<h3>2025\/2030<\/h3>\n<ul>\n<li><a href=\"https:\/\/zsp15.edu.wroclaw.pl\/wp-content\/uploads\/sites\/87\/2025\/11\/1_09_25_Program_wych_prof_2025_30.pdf\" target=\"_blank\" rel=\"noopener\">Program wychowawczo-profilaktyczny SP 25.pdf (374 KB)<\/a><\/li>\n<\/ul>\n<h3>Statut<\/h3>\n<ul>\n<li><a href=\"https:\/\/zsp15.edu.wroclaw.pl\/wp-content\/uploads\/sites\/87\/2026\/04\/Statut_SP_nr_25.pdf\">Statut\u00a0 SP 25 (16MB)<\/a><\/li>\n<li><a href=\"https:\/\/zsp15.edu.wroclaw.pl\/wp-content\/uploads\/sites\/87\/2025\/11\/Ocena_zachowania__kl_4_8.pdf\" target=\"_blank\" rel=\"noopener\">Oceny z zachowania kl. 4 &#8211; 8.pdf (484 KB)<\/a><\/li>\n<li><a href=\"https:\/\/zsp15.edu.wroclaw.pl\/wp-content\/uploads\/sites\/87\/2025\/11\/Zasady_przyznawania_wyroznien_w_klasach_I_III.pdf\" target=\"_blank\" rel=\"noopener\">Zasady przyznawania wyr\u00f3\u017cnie\u0144 w kl. I-III.pdf (70 KB)<\/a><\/li>\n<\/ul>\n<h3>WSO KL. I-III<\/h3>\n<ul>\n<li><a href=\"https:\/\/zsp15.edu.wroclaw.pl\/wp-content\/uploads\/sites\/87\/2025\/11\/I_SYSTEM_OCENIANIA_W_EDUKACJI_WCZESNOSZKOLNEJ_w_klasie_I.pdf\" target=\"_blank\" rel=\"noopener\">kl. I &#8211; edukacja wczesnoszkolna.pdf (116 KB)<\/a><\/li>\n<li><a href=\"https:\/\/zsp15.edu.wroclaw.pl\/wp-content\/uploads\/sites\/87\/2025\/11\/II_SYSTEM_OCENIANIA___klasa_II_system_oceniania__nowe_.pdf\" target=\"_blank\" rel=\"noopener\">kl. II &#8211; edukacja wczesnoszkolna.pdf (113 KB)<\/a><\/li>\n<li><a href=\"https:\/\/zsp15.edu.wroclaw.pl\/wp-content\/uploads\/sites\/87\/2025\/11\/III_SYSTEM_OCENIANIA_W_EDUKACJI_WCZESNOSZKOLNEJ.pdf\" target=\"_blank\" rel=\"noopener\">kl. III &#8211; edukacja wczesnoszkolna.pdf (109 KB)<\/a><\/li>\n<li><a href=\"https:\/\/zsp15.edu.wroclaw.pl\/wp-content\/uploads\/sites\/87\/2025\/11\/j_angielski_klasy_I___III.pdf\" target=\"_blank\" rel=\"noopener\">kl. I-III &#8211; j. angielski.pdf (127 KB)<\/a><\/li>\n<li><a href=\"https:\/\/zsp15.edu.wroclaw.pl\/wp-content\/uploads\/sites\/87\/2025\/11\/PSO_zaj_komp_kl_1.pdf\" target=\"_blank\" rel=\"noopener\">kl. I &#8211; ed. informatyczna.pdf (99 KB)<\/a><\/li>\n<li><a href=\"https:\/\/zsp15.edu.wroclaw.pl\/wp-content\/uploads\/sites\/87\/2025\/11\/PSO_zaj_komp_kl_2.pdf\" target=\"_blank\" rel=\"noopener\">kl. II &#8211; ed. informatyczna.pdf (97 KB)<\/a><\/li>\n<li><a href=\"https:\/\/zsp15.edu.wroclaw.pl\/wp-content\/uploads\/sites\/87\/2025\/11\/PSO_zaj_komp_kl_3.pdf\" target=\"_blank\" rel=\"noopener\">kl. III &#8211; ed. informatyczna.pdf (111 KB)<\/a><\/li>\n<\/ul>\n<h3>Uchwa\u0142y w sprawie wprowadzenia zmian w WZO<br \/>\ndotycz\u0105cych obcokrajowc\u00f3w<\/h3>\n<ul>\n<li><a href=\"https:\/\/zsp15.edu.wroclaw.pl\/wp-content\/uploads\/sites\/87\/2025\/11\/Uchwala-12_2020.pdf\" target=\"_blank\" rel=\"noopener\">Uchwa\u0142a nr 12\/2020.pdf (518 KB)<\/a><\/li>\n<li><a href=\"https:\/\/zsp15.edu.wroclaw.pl\/wp-content\/uploads\/sites\/87\/2025\/11\/Uchwala-4_2019.pdf\" target=\"_blank\" rel=\"noopener\">Uchwa\u0142a nr 4\/2019.pdf (445 KB)<\/a><\/li>\n<\/ul>\n<p>[\/vc_column_text][\/vc_tta_section][vc_tta_section title=&#8221;Procedury&#8221; tab_id=&#8221;1639049053938-2158331f-e811&#8243;][vc_column_text css=&#8221;&#8221;]<\/p>\n<h2 style=\"text-align: center\">Procedury<\/h2>\n<ul>\n<li><a href=\"https:\/\/zsp15.edu.wroclaw.pl\/wp-content\/uploads\/sites\/87\/2026\/03\/Procedura-ewakuacji.pdf\" target=\"_blank\" rel=\"noopener\">Procedura ewakuacji(5MB)<\/a><\/li>\n<li><a href=\"https:\/\/zsp15.edu.wroclaw.pl\/wp-content\/uploads\/sites\/87\/2026\/03\/Procedura_bezpieczenstwa_w_szkole.pdf\" target=\"_blank\" rel=\"noopener\">Procedura bezpiecze\u0144stwa przebywania rodzic\u00f3w na terenie SP25.pdf(75KB)<\/a><\/li>\n<li><a href=\"https:\/\/zsp15.edu.wroclaw.pl\/wp-content\/uploads\/sites\/87\/2025\/11\/Procedura_Udzielania_Pomocy_Logopedycznej__3_.pdf\" target=\"_blank\" rel=\"noopener\">Procedura udzielania pomocy logopedycznej.pdf (95 KB)<\/a><\/li>\n<li><a href=\"https:\/\/zsp15.edu.wroclaw.pl\/wp-content\/uploads\/sites\/87\/2025\/11\/Procedura_postepowania_w_przypadku_wystapienia_chorob_zakaznych_i_pasozytniczych.pdf\" target=\"_blank\" rel=\"noopener\">Procedura post\u0119powania w przypadku wyst\u0105pienia chor\u00f3b zaka\u017anych i paso\u017cytniczych w Zespole Szkolno \u2013 Przedszkolnym nr 15 we Wroc\u0142awiu.pdf (348 KB)<\/a><\/li>\n<\/ul>\n<p>[\/vc_column_text][\/vc_tta_section][vc_tta_section title=&#8221;Regulaminy&#8221; tab_id=&#8221;1646740200586-5943685a-7b4b&#8221;][vc_column_text css=&#8221;&#8221;]<\/p>\n<h2 style=\"text-align: center\">Regulaminy<\/h2>\n<ul>\n<li><a href=\"https:\/\/zsp15.edu.wroclaw.pl\/wp-content\/uploads\/sites\/87\/2026\/03\/Regulamin-stolowki-szkolnej.pdf\" target=\"_blank\" rel=\"noopener\">Regulamin sto\u0142\u00f3wki szkolnej(953KB)<\/a><\/li>\n<li><a href=\"https:\/\/zsp15.edu.wroclaw.pl\/wp-content\/uploads\/sites\/87\/2026\/03\/Regulamin_telefony.pdf\" target=\"_blank\" rel=\"noopener\">Regulamin korzystania z telefon\u00f3w kom\u00f3rkowych.pdf (591KB)<\/a><\/li>\n<li><a href=\"https:\/\/zsp15.edu.wroclaw.pl\/wp-content\/uploads\/sites\/87\/2025\/11\/Regulamin_Szkolnego_Klubu_Wolontariatu.pdf\" target=\"_blank\" rel=\"noopener\">Regulamin szkolnego klubu wolontariatu.pdf (495 KB)<\/a><\/li>\n<li><a href=\"https:\/\/zsp15.edu.wroclaw.pl\/wp-content\/uploads\/sites\/87\/2025\/11\/Regulamin_naboru_uczniow_do_klasy_IV_sportowej-.pdf\" target=\"_blank\" rel=\"noopener\">Regulamin naboru uczni\u00f3w do klasy 4 sportowej.pdf (359 KB)<\/a><\/li>\n<\/ul>\n<p>[\/vc_column_text][\/vc_tta_section][vc_tta_section title=&#8221;Wnioski\/Podania&#8221; tab_id=&#8221;1646742116564-c0875922-38d1&#8243;][vc_column_text css=&#8221;&#8221;]<\/p>\n<h2 style=\"text-align: center\">Wnioski\/Podania<\/h2>\n<p>&nbsp;<\/p>\n<ul>\n<li><a href=\"https:\/\/zsp15.edu.wroclaw.pl\/wp-content\/uploads\/sites\/87\/2025\/11\/25_26_wniosek_o_zabezpieczenie_danych_z_monitorigu_wizyjnego.docx\" target=\"_blank\" rel=\"noopener\">Wniosek o zabezpieczenie danych z monitoringu wizyjnego.docx (18 KB)<\/a><\/li>\n<li><a href=\"https:\/\/zsp15.edu.wroclaw.pl\/wp-content\/uploads\/sites\/87\/2026\/03\/Podanie_przyjecie_ucznia_obcokrajowca.docx\">Podanie_przyjecie_ucznia_obcokrajowca.docx (22KB)<\/a><\/li>\n<li><a href=\"https:\/\/zsp15.edu.wroclaw.pl\/wp-content\/uploads\/sites\/87\/2026\/03\/Zgloszenie_ucznia_do_szkoly.docx\">Zg\u0142oszenie_ucznia_do_szko\u0142y(24KB)<\/a><\/li>\n<li><a href=\"https:\/\/zsp15.edu.wroclaw.pl\/wp-content\/uploads\/sites\/87\/2025\/11\/DUPLIKAT-_LEGITYMACJI.pdf\" target=\"_blank\" rel=\"noopener\">Duplikat legitymacji.pdf (265 KB)<\/a><\/li>\n<li><a href=\"https:\/\/zsp15.edu.wroclaw.pl\/wp-content\/uploads\/sites\/87\/2025\/11\/zal_1_Podanie_o_przyjecie.pdf\" target=\"_blank\" rel=\"noopener\">Podanie o przyj\u0119cie ucznia do klasy sportowej SP 25.pdf (139 KB)<\/a><\/li>\n<li><a href=\"https:\/\/zsp15.edu.wroclaw.pl\/wp-content\/uploads\/sites\/87\/2025\/11\/wniosek_pomoc.pdf\" target=\"_blank\" rel=\"noopener\">Wniosek rodzica o obj\u0119cie ucznia SP nr 25 pomoc\u0105 psychologiczno-pedagogiczn\u0105.pdf (270 KB)<\/a><\/li>\n<\/ul>\n<p>[\/vc_column_text][\/vc_tta_section][vc_tta_section title=&#8221;Wycieczki&#8221; tab_id=&#8221;1768476888625-8ef510c9-5c83&#8243;][vc_column_text css=&#8221;&#8221;]<\/p>\n<h2 style=\"text-align: center\">Wycieczki<\/h2>\n<ul>\n<li><a href=\"https:\/\/zsp15.edu.wroclaw.pl\/wp-content\/uploads\/sites\/87\/2026\/01\/RozporzadzenieMEN_z_dn25.05.2018.pdf\">ROZPORZ\u0104DZENIE MEN z dn. 25.05.2018 r.pdf (287 KB)<\/a><\/li>\n<li><a href=\"https:\/\/zsp15.edu.wroclaw.pl\/wp-content\/uploads\/sites\/87\/2026\/01\/Regulamin_wycieczki_gorskiej.pdf\" target=\"_blank\" rel=\"noopener\">REGULAMIN WYCIECZKI WYSOKOG\u00d3RSKIEJ.pdf (119 KB)<\/a><\/li>\n<li><a href=\"https:\/\/zsp15.edu.wroclaw.pl\/wp-content\/uploads\/sites\/87\/2026\/01\/Regulamin_wycieczki_jednodniowa.pdf\" target=\"_blank\" rel=\"noopener\">REGULAMIN WYCIECZKI\u00a0 JEDNODNIOWEJ.pdf (168 KB)<\/a><\/li>\n<li><a href=\"https:\/\/zsp15.edu.wroclaw.pl\/wp-content\/uploads\/sites\/87\/2026\/01\/Regulamin_wycieczki_kilkudniowa.pdf\" target=\"_blank\" rel=\"noopener\">REGULAMIN WYCIECZKI KILKUDNIOWEJ (BIWAK, ZIELONA SZKO\u0141A).pdf (170 KB)<\/a><\/li>\n<li><a href=\"https:\/\/zsp15.edu.wroclaw.pl\/wp-content\/uploads\/sites\/87\/2026\/01\/Regulamin_wycieczki_rowerowej.pdf\" target=\"_blank\" rel=\"noopener\">REGULAMIN WYCIECZKI ROWEROWEJ.pdf (113 KB)<\/a><\/li>\n<li><a href=\"https:\/\/zsp15.edu.wroclaw.pl\/wp-content\/uploads\/sites\/87\/2026\/01\/Regulamin_wyjscia_do_kina.pdf\" target=\"_blank\" rel=\"noopener\">REGULAMIN WYJ\u015aCIA DO KINA, TEATRU, MUZEUM &#8230;pdf (130 KB)<\/a><\/li>\n<\/ul>\n<p>[\/vc_column_text][\/vc_tta_section][\/vc_tta_tabs][\/vc_column][\/vc_row]<\/p>\n<\/div>","protected":false},"excerpt":{"rendered":"<p>[vc_row][vc_column css=&#8221;.vc_custom_1762349529647{background: #424D84 url(https:\/\/przedszkola.edu.wroclaw.pl\/wp-content\/uploads\/sites\/30\/2021\/06\/tlo.png?id=) !important;}&#8221;][vc_tta_tabs section_title_tag=&#8221;h2&#8243; color=&#8221;white&#8221; active_section=&#8221;1&#8243;][vc_tta_section title=&#8221;Dokumenty&#8221; tab_id=&#8221;1605250266111-837ee8f6-d1a9&#8243;][vc_column_text css=&#8221;&#8221;] Dokumenty 2025\/2026 Plan pracy dydaktyczno-wychowawczej SP 25.pdf ( 842 KB) Szkolny Program Profilaktyczno-Wychowawczy SP 25.pdf (286 KB) 2025\/2030 Program [&hellip;]<\/p>\n","protected":false},"author":7,"featured_media":0,"parent":19,"menu_order":0,"comment_status":"closed","ping_status":"closed","template":"","meta":{"footnotes":""},"class_list":["post-139","page","type-page","status-publish","hentry","clearfix"],"_links":{"self":[{"href":"https:\/\/zsp15.edu.wroclaw.pl\/index.php\/wp-json\/wp\/v2\/pages\/139","targetHints":{"allow":["GET"]}}],"collection":[{"href":"https:\/\/zsp15.edu.wroclaw.pl\/index.php\/wp-json\/wp\/v2\/pages"}],"about":[{"href":"https:\/\/zsp15.edu.wroclaw.pl\/index.php\/wp-json\/wp\/v2\/types\/page"}],"author":[{"embeddable":true,"href":"https:\/\/zsp15.edu.wroclaw.pl\/index.php\/wp-json\/wp\/v2\/users\/7"}],"replies":[{"embeddable":true,"href":"https:\/\/zsp15.edu.wroclaw.pl\/index.php\/wp-json\/wp\/v2\/comments?post=139"}],"version-history":[{"count":38,"href":"https:\/\/zsp15.edu.wroclaw.pl\/index.php\/wp-json\/wp\/v2\/pages\/139\/revisions"}],"predecessor-version":[{"id":1224,"href":"https:\/\/zsp15.edu.wroclaw.pl\/index.php\/wp-json\/wp\/v2\/pages\/139\/revisions\/1224"}],"up":[{"embeddable":true,"href":"https:\/\/zsp15.edu.wroclaw.pl\/index.php\/wp-json\/wp\/v2\/pages\/19"}],"wp:attachment":[{"href":"https:\/\/zsp15.edu.wroclaw.pl\/index.php\/wp-json\/wp\/v2\/media?parent=139"}],"curies":[{"name":"wp","href":"https:\/\/api.w.org\/{rel}","templated":true}]}}