
{"id":141,"date":"2025-11-05T14:03:33","date_gmt":"2025-11-05T13:03:33","guid":{"rendered":"https:\/\/zsp15.edu.wroclaw.pl\/?page_id=141"},"modified":"2025-11-05T14:20:47","modified_gmt":"2025-11-05T13:20:47","slug":"dokumenty-p11","status":"publish","type":"page","link":"https:\/\/zsp15.edu.wroclaw.pl\/index.php\/przedszkole\/dokumenty-p11\/","title":{"rendered":"Dokumenty"},"content":{"rendered":"<ul>\n<li><a href=\"https:\/\/zsp15.edu.wroclaw.pl\/wp-content\/uploads\/sites\/87\/2025\/11\/deklaracja-przedszkole-z-klauzula-rodo_2025_2026.pdf\" target=\"_blank\" rel=\"noopener\">Deklaracja dotycz\u0105ca pobytu dziecka w Przedszkolu w roku szkolnym 2025\/2026.pdf (706 KB)<\/a><\/li>\n<li><a href=\"https:\/\/zsp15.edu.wroclaw.pl\/wp-content\/uploads\/sites\/87\/2025\/11\/karta-do-odbioru-dziecka_2025_2026.pdf\" target=\"_blank\" rel=\"noopener\">Karta odbioru dziecka z Przedszkola w roku szkolnym 2025\/2026.pdf (576 KB)<\/a><\/li>\n<li><a href=\"https:\/\/zsp15.edu.wroclaw.pl\/wp-content\/uploads\/sites\/87\/2025\/11\/wniosek_o_diete_2025_2026.pdf\" target=\"_blank\" rel=\"noopener\">Wniosek o stosowanie diety w \u017cywieniu dziecka.pdf (431 KB)<\/a><\/li>\n<li><a href=\"https:\/\/zsp15.edu.wroclaw.pl\/wp-content\/uploads\/sites\/87\/2025\/11\/oswiadczenie_rezygnacja_z_miejsca_w_przedszkolu.pdf\" target=\"_blank\" rel=\"noopener\">Rezygnacja z miejsca w Przedszkolu.pdf (402 KB)<\/a><\/li>\n<li><a href=\"https:\/\/zsp15.edu.wroclaw.pl\/wp-content\/uploads\/sites\/87\/2025\/11\/informacja-do-deklaracji_2025_2026.pdf\" target=\"_blank\" rel=\"noopener\">Podstawowe informacje dotycz\u0105ce funkcjonowania Przedszkola.pdf (507 KB)<\/a><\/li>\n<li><a href=\"https:\/\/zsp15.edu.wroclaw.pl\/wp-content\/uploads\/sites\/87\/2025\/11\/oswiadczenie_o_rodzinie_wielodzietnej_2025_2026.pdf\" target=\"_blank\" rel=\"noopener\">O\u015bwiadczenie uprawniaj\u0105ce do zwolnienia z op\u0142aty za pobyt w Przedszkolu.pdf (431 KB)<\/a><\/li>\n<li><a href=\"https:\/\/zsp15.edu.wroclaw.pl\/wp-content\/uploads\/sites\/87\/2025\/11\/wniosek_przyjecie_do_przedszkola_rok_szkolny_2025_2026.pdf\" target=\"_blank\" rel=\"noopener\">Wniosek o przyj\u0119cie dziecka do Przedszkola w trakcie trwania roku szkolnego 2025\/2026.pdf (444 KB)<\/a><\/li>\n<\/ul>\n","protected":false},"excerpt":{"rendered":"<p>Deklaracja dotycz\u0105ca pobytu dziecka w Przedszkolu w roku szkolnym 2025\/2026.pdf (706 KB) Karta odbioru dziecka z Przedszkola w roku szkolnym 2025\/2026.pdf (576 KB) Wniosek o stosowanie diety w \u017cywieniu dziecka.pdf [&hellip;]<\/p>\n","protected":false},"author":7,"featured_media":0,"parent":17,"menu_order":0,"comment_status":"closed","ping_status":"closed","template":"","meta":{"footnotes":""},"class_list":["post-141","page","type-page","status-publish","hentry","clearfix"],"_links":{"self":[{"href":"https:\/\/zsp15.edu.wroclaw.pl\/index.php\/wp-json\/wp\/v2\/pages\/141","targetHints":{"allow":["GET"]}}],"collection":[{"href":"https:\/\/zsp15.edu.wroclaw.pl\/index.php\/wp-json\/wp\/v2\/pages"}],"about":[{"href":"https:\/\/zsp15.edu.wroclaw.pl\/index.php\/wp-json\/wp\/v2\/types\/page"}],"author":[{"embeddable":true,"href":"https:\/\/zsp15.edu.wroclaw.pl\/index.php\/wp-json\/wp\/v2\/users\/7"}],"replies":[{"embeddable":true,"href":"https:\/\/zsp15.edu.wroclaw.pl\/index.php\/wp-json\/wp\/v2\/comments?post=141"}],"version-history":[{"count":3,"href":"https:\/\/zsp15.edu.wroclaw.pl\/index.php\/wp-json\/wp\/v2\/pages\/141\/revisions"}],"predecessor-version":[{"id":152,"href":"https:\/\/zsp15.edu.wroclaw.pl\/index.php\/wp-json\/wp\/v2\/pages\/141\/revisions\/152"}],"up":[{"embeddable":true,"href":"https:\/\/zsp15.edu.wroclaw.pl\/index.php\/wp-json\/wp\/v2\/pages\/17"}],"wp:attachment":[{"href":"https:\/\/zsp15.edu.wroclaw.pl\/index.php\/wp-json\/wp\/v2\/media?parent=141"}],"curies":[{"name":"wp","href":"https:\/\/api.w.org\/{rel}","templated":true}]}}