
{"id":409,"date":"2025-12-18T11:49:24","date_gmt":"2025-12-18T10:49:24","guid":{"rendered":"https:\/\/zsp15.edu.wroclaw.pl\/?page_id=409"},"modified":"2025-12-18T12:19:22","modified_gmt":"2025-12-18T11:19:22","slug":"przyjecie-dzieci-z-ukrainy","status":"publish","type":"page","link":"https:\/\/zsp15.edu.wroclaw.pl\/index.php\/przyjecie-dzieci-z-ukrainy\/","title":{"rendered":"Przyj\u0119cie dzieci z Ukrainy"},"content":{"rendered":"<h2 style=\"text-align: center;\">DOKUMENTY DO PRZYJ\u0118CIA DZIECKA\u00a0 SP NR 25<\/h2>\n<h3 style=\"text-align: center;\">Przyj\u0119cie dziecka z Ukrainy do szko\u0142y (w ci\u0105gu roku):<\/h3>\n<p style=\"text-align: center;\">1. Podanie o przyj\u0119cie do szko\u0142y (<a href=\"https:\/\/zsp15.edu.wroclaw.pl\/wp-content\/uploads\/sites\/87\/2025\/12\/Podanie_o_przyjecie_do_SP_obcokrajowcy.pdf\" target=\"_blank\" rel=\"noopener\">za\u0142\u0105cznik.pdf (241 KB)<\/a>).<br \/>\n2. O\u015bwiadczenie o miejscu zamieszkania lub umowa najmu.<br \/>\n3. Dokument potwierdzaj\u0105cy nauk\u0119 lub o\u015bwiadczenie opiekuna (do kt\u00f3rej klasy ucz\u0119szcza\u0142o dziecko w Ukrainie).<br \/>\n4. Dokument potwierdzaj\u0105cy to\u017csamo\u015b\u0107 (je\u015bli jest).<\/p>\n<h3 style=\"text-align: center;\"><span style=\"font-size: 16px;\">INFORMACJE DOTYCZ\u0104CA UKRAI\u0143SKIEGO SYSTEMU O\u015aWIATY<\/span><\/h3>\n<ul>\n<li><a href=\"https:\/\/www.wroclaw.pl\/dla-mieszkanca\/nauka-online-dla-ukrainskich-dzieci-gdzie-zlozyc-wniosek\" target=\"_blank\" rel=\"noopener\">https:\/\/www.wroclaw.pl\/dla-mieszkanca\/nauka-online-dla-ukrainskich-dzieci-gdzie-zlozyc-wniosek PL<\/a><\/li>\n<li><a href=\"https:\/\/www.wroclaw.pl\/ua\/navchannya-ditej-w-ukrianskij-systemi-zajawa\" target=\"_blank\" rel=\"noopener\">https:\/\/www.wroclaw.pl\/ua\/navchannya-ditej-w-ukrianskij-systemi-zajawa UA<\/a><\/li>\n<li style=\"text-align: left;\"><a href=\"https:\/\/zsp15.edu.wroclaw.pl\/wp-content\/uploads\/sites\/87\/2025\/12\/nauka-online-pl.pdf\" target=\"_blank\" rel=\"noopener\">nauka online PL.pdf (1 MB)<\/a><\/li>\n<li style=\"text-align: left;\"><a href=\"https:\/\/zsp15.edu.wroclaw.pl\/wp-content\/uploads\/sites\/87\/2025\/12\/nauka-online-ua.pdf\" target=\"_blank\" rel=\"noopener\">nauka online UA.pdf (1 MB)<\/a><\/li>\n<li style=\"text-align: left;\"><a href=\"https:\/\/zsp15.edu.wroclaw.pl\/wp-content\/uploads\/sites\/87\/2025\/12\/szkola-online-ulotka-pl.png\" target=\"_blank\" rel=\"noopener\">nauka online PL.png (177 KB)<\/a><\/li>\n<li style=\"text-align: left;\"><a href=\"https:\/\/zsp15.edu.wroclaw.pl\/wp-content\/uploads\/sites\/87\/2025\/12\/nauka-online-ua-ulotka1.png\" target=\"_blank\" rel=\"noopener\">nauka online UA.png (156 KB)<\/a><\/li>\n<li style=\"text-align: left;\"><a href=\"https:\/\/zsp15.edu.wroclaw.pl\/wp-content\/uploads\/sites\/87\/2025\/12\/Ukraina_DTP_Ulotka-edukacja-online_A5-PL.png\" target=\"_blank\" rel=\"noopener\">Ukraina DTP.png (377 KB)<\/a><\/li>\n<li style=\"text-align: left;\"><a href=\"https:\/\/zsp15.edu.wroclaw.pl\/wp-content\/uploads\/sites\/87\/2025\/12\/Oswiadczenie_o_ukrainskim_systemie_nauki_PL_UA.docx\" target=\"_blank\" rel=\"noopener\">O\u015bwiadczenie o ukrai\u0144skim systemie nauki PL UA.docx (29 KB)<\/a><\/li>\n<\/ul>\n","protected":false},"excerpt":{"rendered":"<p>DOKUMENTY DO PRZYJ\u0118CIA DZIECKA\u00a0 SP NR 25 Przyj\u0119cie dziecka z Ukrainy do szko\u0142y (w ci\u0105gu roku): 1. Podanie o przyj\u0119cie do szko\u0142y (za\u0142\u0105cznik.pdf (241 KB)). 2. O\u015bwiadczenie o miejscu zamieszkania [&hellip;]<\/p>\n","protected":false},"author":7,"featured_media":0,"parent":0,"menu_order":0,"comment_status":"closed","ping_status":"closed","template":"","meta":{"footnotes":""},"class_list":["post-409","page","type-page","status-publish","hentry","clearfix"],"_links":{"self":[{"href":"https:\/\/zsp15.edu.wroclaw.pl\/index.php\/wp-json\/wp\/v2\/pages\/409","targetHints":{"allow":["GET"]}}],"collection":[{"href":"https:\/\/zsp15.edu.wroclaw.pl\/index.php\/wp-json\/wp\/v2\/pages"}],"about":[{"href":"https:\/\/zsp15.edu.wroclaw.pl\/index.php\/wp-json\/wp\/v2\/types\/page"}],"author":[{"embeddable":true,"href":"https:\/\/zsp15.edu.wroclaw.pl\/index.php\/wp-json\/wp\/v2\/users\/7"}],"replies":[{"embeddable":true,"href":"https:\/\/zsp15.edu.wroclaw.pl\/index.php\/wp-json\/wp\/v2\/comments?post=409"}],"version-history":[{"count":3,"href":"https:\/\/zsp15.edu.wroclaw.pl\/index.php\/wp-json\/wp\/v2\/pages\/409\/revisions"}],"predecessor-version":[{"id":420,"href":"https:\/\/zsp15.edu.wroclaw.pl\/index.php\/wp-json\/wp\/v2\/pages\/409\/revisions\/420"}],"wp:attachment":[{"href":"https:\/\/zsp15.edu.wroclaw.pl\/index.php\/wp-json\/wp\/v2\/media?parent=409"}],"curies":[{"name":"wp","href":"https:\/\/api.w.org\/{rel}","templated":true}]}}