
{"id":453,"date":"2026-02-06T12:10:03","date_gmt":"2026-02-06T11:10:03","guid":{"rendered":"https:\/\/zsp15.edu.wroclaw.pl\/?page_id=453"},"modified":"2026-04-07T19:39:44","modified_gmt":"2026-04-07T17:39:44","slug":"zajecia-dodatkowe","status":"publish","type":"page","link":"https:\/\/zsp15.edu.wroclaw.pl\/index.php\/szkola-podstawowa-nr-25\/zajecia-dodatkowe\/","title":{"rendered":"Zaj\u0119cia dodatkowe"},"content":{"rendered":"<h2 style=\"text-align: center\">ZAJ\u0118CIA DODATKOWE KLASY 1-3<\/h2>\n<h3 style=\"text-align: center\">ROK SZKOLNY 2025\/ 2026<\/h3>\n<table style=\"height: 481px;width: 100%;border-collapse: collapse;border-color: #b0b0b0;background-color: #ffffff\" border=\"1\">\n<tbody>\n<tr style=\"height: 48px;background-color: #fcea1e\">\n<td style=\"width: 36.2px;height: 48px\">klasa<\/td>\n<td style=\"width: 75.4833px;text-align: center;height: 48px\">Nazwa zaj\u0119\u0107<\/td>\n<td style=\"width: 220.15px;text-align: center;height: 48px\">Nauczyciel prowadz\u0105cy zaj\u0119cia<\/td>\n<td style=\"width: 203.567px;text-align: center;height: 48px\">Termin realizacji zaj\u0119\u0107 dodatkowych<\/td>\n<\/tr>\n<tr style=\"height: 24px\">\n<td style=\"width: 36.2px;height: 24px\">1a<\/td>\n<td style=\"width: 75.4833px;height: 24px\">EW+<\/td>\n<td style=\"width: 220.15px;height: 24px;text-align: center\">Beata Pstrowska<\/td>\n<td style=\"width: 203.567px;height: 24px;text-align: center\">pi\u0105tek lekcja 5<\/td>\n<\/tr>\n<tr style=\"height: 24px\">\n<td style=\"width: 36.2px;height: 24px\">1b<\/td>\n<td style=\"width: 75.4833px;height: 24px\">EW+<\/td>\n<td style=\"width: 220.15px;height: 24px;text-align: center\">Agnieszka Uher<\/td>\n<td style=\"width: 203.567px;height: 24px;text-align: center\">wtorek lekcja 1<\/td>\n<\/tr>\n<tr style=\"height: 24px\">\n<td style=\"width: 36.2px;height: 24px\">1c<\/td>\n<td style=\"width: 75.4833px;height: 24px\">EW+<\/td>\n<td style=\"width: 220.15px;height: 24px;text-align: center\">Katarzyna Dziurkiewicz<\/td>\n<td style=\"width: 203.567px;height: 24px;text-align: center\">\u015broda lekcja 5<\/td>\n<\/tr>\n<tr style=\"height: 25px\">\n<td style=\"width: 36.2px;height: 25px\">1d<\/td>\n<td style=\"width: 75.4833px;height: 25px\">EW+<\/td>\n<td style=\"width: 220.15px;height: 25px;text-align: center\">Katarzyna Tuszy\u0144ska<\/td>\n<td style=\"width: 203.567px;height: 25px;text-align: center\">czwartek lekcja 9<\/td>\n<\/tr>\n<tr style=\"height: 24px\">\n<td style=\"width: 36.2px;height: 24px\">1e<\/td>\n<td style=\"width: 75.4833px;height: 24px\">EW+<\/td>\n<td style=\"width: 220.15px;height: 24px;text-align: center\">Joanna Jacaszek<\/td>\n<td style=\"width: 203.567px;height: 24px;text-align: center\">pi\u0105tek lekcja 5<\/td>\n<\/tr>\n<tr style=\"height: 24px\">\n<td style=\"width: 36.2px;height: 24px\">2a<\/td>\n<td style=\"width: 75.4833px;height: 24px\">EW+<\/td>\n<td style=\"width: 220.15px;height: 24px;text-align: center\">Mariola Adamik-Beda<\/td>\n<td style=\"width: 203.567px;height: 24px;text-align: center\">wtorek lekcja 5<\/td>\n<\/tr>\n<tr style=\"height: 24px\">\n<td style=\"width: 36.2px;height: 24px\">2b<\/td>\n<td style=\"width: 75.4833px;height: 24px\">EW+<\/td>\n<td style=\"width: 220.15px;height: 24px;text-align: center\">\u0141ucja Skulska<\/td>\n<td style=\"width: 203.567px;height: 24px;text-align: center\">\u015broda lekcja 9<\/td>\n<\/tr>\n<tr style=\"height: 24px\">\n<td style=\"width: 36.2px;height: 24px\">2c<\/td>\n<td style=\"width: 75.4833px;height: 24px\">EW+<\/td>\n<td style=\"width: 220.15px;height: 24px;text-align: center\">Dalia S\u0142owik<\/td>\n<td style=\"width: 203.567px;height: 24px;text-align: center\">poniedzia\u0142ek lekcja 9<\/td>\n<\/tr>\n<tr style=\"height: 24px\">\n<td style=\"width: 36.2px;height: 24px\">2d<\/td>\n<td style=\"width: 75.4833px;height: 24px\">EW+<\/td>\n<td style=\"width: 220.15px;height: 24px;text-align: center\">Agnieszka Baran-\u015aciube\u0142<\/td>\n<td style=\"width: 203.567px;height: 24px;text-align: center\">czwartek lekcja 9<\/td>\n<\/tr>\n<tr style=\"height: 24px\">\n<td style=\"width: 36.2px;height: 24px\">2e<\/td>\n<td style=\"width: 75.4833px;height: 24px\">EW+<\/td>\n<td style=\"width: 220.15px;height: 24px;text-align: center\">vacat 2e<\/td>\n<td style=\"width: 203.567px;height: 24px;text-align: center\">pi\u0105tek lekcja 5<\/td>\n<\/tr>\n<tr style=\"height: 24px\">\n<td style=\"width: 36.2px;height: 24px\">2f<\/td>\n<td style=\"width: 75.4833px;height: 24px\">EW+<\/td>\n<td style=\"width: 220.15px;text-align: center;height: 24px\">Milena Paliwoda &#8211; Zem\u0142a<\/td>\n<td style=\"width: 203.567px;height: 24px;text-align: center\">czwartek lekcja 5<\/td>\n<\/tr>\n<tr style=\"height: 24px\">\n<td style=\"width: 36.2px;height: 24px\">3a<\/td>\n<td style=\"width: 75.4833px;height: 24px\">EW+<\/td>\n<td style=\"width: 220.15px;text-align: center;height: 24px\">Daria G\u00f3rna<\/td>\n<td style=\"width: 203.567px;height: 24px;text-align: center\">pi\u0105tek lekcja 9<\/td>\n<\/tr>\n<tr style=\"height: 24px\">\n<td style=\"width: 36.2px;height: 24px\">3b<\/td>\n<td style=\"width: 75.4833px;height: 24px\">EW+<\/td>\n<td style=\"width: 220.15px;text-align: center;height: 24px\">Magdalena Fr\u0105cala<\/td>\n<td style=\"width: 203.567px;height: 24px;text-align: center\">wtorek lekcja 5<\/td>\n<\/tr>\n<tr style=\"height: 24px\">\n<td style=\"width: 36.2px;height: 24px\">3c<\/td>\n<td style=\"width: 75.4833px;height: 24px\">EW+<\/td>\n<td style=\"width: 220.15px;text-align: center;height: 24px\">Kamila Kumelska &#8211; Przygodzka<\/td>\n<td style=\"width: 203.567px;height: 24px;text-align: center\">pi\u0105tek lekcja 5<\/td>\n<\/tr>\n<tr style=\"height: 24px\">\n<td style=\"width: 36.2px;height: 24px\">3d<\/td>\n<td style=\"width: 75.4833px;height: 24px\">EW+<\/td>\n<td style=\"width: 220.15px;text-align: center;height: 24px\">Sebastian Smolibowski<\/td>\n<td style=\"width: 203.567px;height: 24px;text-align: center\">pi\u0105tek lekcja 5<\/td>\n<\/tr>\n<tr style=\"height: 24px\">\n<td style=\"width: 36.2px;height: 24px\">3e<\/td>\n<td style=\"width: 75.4833px;height: 24px\">EW+<\/td>\n<td style=\"width: 220.15px;text-align: center;height: 24px\">Rados\u0142aw G\u00f3recki<\/td>\n<td style=\"width: 203.567px;height: 24px;text-align: center\">\u015broda lekcja 1<\/td>\n<\/tr>\n<tr style=\"height: 24px\">\n<td style=\"width: 36.2px;height: 24px\">3f<\/td>\n<td style=\"width: 75.4833px;height: 24px\">EW+<\/td>\n<td style=\"width: 220.15px;text-align: center;height: 24px\">Kamila Dendek<\/td>\n<td style=\"width: 203.567px;height: 24px;text-align: center\">\u015broda lekcja 5<\/td>\n<\/tr>\n<tr style=\"height: 24px\">\n<td style=\"width: 36.2px;height: 24px\">3g<\/td>\n<td style=\"width: 75.4833px;height: 24px\">EW+<\/td>\n<td style=\"width: 220.15px;text-align: center;height: 24px\">Beata Jaroszkiewicz<\/td>\n<td style=\"width: 203.567px;height: 24px;text-align: center\">poniedzia\u0142ek lekcja 9<\/td>\n<\/tr>\n<\/tbody>\n<\/table>\n","protected":false},"excerpt":{"rendered":"<p>ZAJ\u0118CIA DODATKOWE KLASY 1-3 ROK SZKOLNY 2025\/ 2026 klasa Nazwa zaj\u0119\u0107 Nauczyciel prowadz\u0105cy zaj\u0119cia Termin realizacji zaj\u0119\u0107 dodatkowych 1a EW+ Beata Pstrowska pi\u0105tek lekcja 5 1b EW+ Agnieszka Uher wtorek [&hellip;]<\/p>\n","protected":false},"author":7,"featured_media":0,"parent":19,"menu_order":0,"comment_status":"closed","ping_status":"closed","template":"","meta":{"footnotes":""},"class_list":["post-453","page","type-page","status-publish","hentry","clearfix"],"_links":{"self":[{"href":"https:\/\/zsp15.edu.wroclaw.pl\/index.php\/wp-json\/wp\/v2\/pages\/453","targetHints":{"allow":["GET"]}}],"collection":[{"href":"https:\/\/zsp15.edu.wroclaw.pl\/index.php\/wp-json\/wp\/v2\/pages"}],"about":[{"href":"https:\/\/zsp15.edu.wroclaw.pl\/index.php\/wp-json\/wp\/v2\/types\/page"}],"author":[{"embeddable":true,"href":"https:\/\/zsp15.edu.wroclaw.pl\/index.php\/wp-json\/wp\/v2\/users\/7"}],"replies":[{"embeddable":true,"href":"https:\/\/zsp15.edu.wroclaw.pl\/index.php\/wp-json\/wp\/v2\/comments?post=453"}],"version-history":[{"count":14,"href":"https:\/\/zsp15.edu.wroclaw.pl\/index.php\/wp-json\/wp\/v2\/pages\/453\/revisions"}],"predecessor-version":[{"id":1204,"href":"https:\/\/zsp15.edu.wroclaw.pl\/index.php\/wp-json\/wp\/v2\/pages\/453\/revisions\/1204"}],"up":[{"embeddable":true,"href":"https:\/\/zsp15.edu.wroclaw.pl\/index.php\/wp-json\/wp\/v2\/pages\/19"}],"wp:attachment":[{"href":"https:\/\/zsp15.edu.wroclaw.pl\/index.php\/wp-json\/wp\/v2\/media?parent=453"}],"curies":[{"name":"wp","href":"https:\/\/api.w.org\/{rel}","templated":true}]}}