
{"id":457,"date":"2026-01-23T11:42:33","date_gmt":"2026-01-23T10:42:33","guid":{"rendered":"https:\/\/zsp15.edu.wroclaw.pl\/?page_id=457"},"modified":"2026-01-29T10:34:48","modified_gmt":"2026-01-29T09:34:48","slug":"klasa-sportowa","status":"publish","type":"page","link":"https:\/\/zsp15.edu.wroclaw.pl\/index.php\/szkola-podstawowa-nr-25\/klasa-sportowa\/","title":{"rendered":"Klasa sportowa"},"content":{"rendered":"<p style=\"text-align: center;\">Klasy sportowe SP25 KS Sporting Wroc\u0142aw<br \/>\naktualno\u015bci na <a href=\"https:\/\/www.facebook.com\/people\/Klasy-sportowe-SP25-KS-Sporting-Wroc%C5%82aw\/100057371143504\/\" target=\"_blank\" rel=\"noopener\">Facebooku<\/a><\/p>\n<hr \/>\n<p style=\"text-align: center;\">Klasy sportowe SP 25 KS Sporting Wroc\u0142aw<br \/>\nzako\u0144czy\u0142y wsp\u00f3\u0142prac\u0119 z\u00a0 Gwardi\u0105 Wroc\u0142aw<\/p>\n<p>&nbsp;<\/p>\n","protected":false},"excerpt":{"rendered":"<p>Klasy sportowe SP25 KS Sporting Wroc\u0142aw aktualno\u015bci na Facebooku Klasy sportowe SP 25 KS Sporting Wroc\u0142aw zako\u0144czy\u0142y wsp\u00f3\u0142prac\u0119 z\u00a0 Gwardi\u0105 Wroc\u0142aw &nbsp;<\/p>\n","protected":false},"author":7,"featured_media":0,"parent":19,"menu_order":0,"comment_status":"closed","ping_status":"closed","template":"","meta":{"footnotes":""},"class_list":["post-457","page","type-page","status-publish","hentry","clearfix"],"_links":{"self":[{"href":"https:\/\/zsp15.edu.wroclaw.pl\/index.php\/wp-json\/wp\/v2\/pages\/457","targetHints":{"allow":["GET"]}}],"collection":[{"href":"https:\/\/zsp15.edu.wroclaw.pl\/index.php\/wp-json\/wp\/v2\/pages"}],"about":[{"href":"https:\/\/zsp15.edu.wroclaw.pl\/index.php\/wp-json\/wp\/v2\/types\/page"}],"author":[{"embeddable":true,"href":"https:\/\/zsp15.edu.wroclaw.pl\/index.php\/wp-json\/wp\/v2\/users\/7"}],"replies":[{"embeddable":true,"href":"https:\/\/zsp15.edu.wroclaw.pl\/index.php\/wp-json\/wp\/v2\/comments?post=457"}],"version-history":[{"count":4,"href":"https:\/\/zsp15.edu.wroclaw.pl\/index.php\/wp-json\/wp\/v2\/pages\/457\/revisions"}],"predecessor-version":[{"id":513,"href":"https:\/\/zsp15.edu.wroclaw.pl\/index.php\/wp-json\/wp\/v2\/pages\/457\/revisions\/513"}],"up":[{"embeddable":true,"href":"https:\/\/zsp15.edu.wroclaw.pl\/index.php\/wp-json\/wp\/v2\/pages\/19"}],"wp:attachment":[{"href":"https:\/\/zsp15.edu.wroclaw.pl\/index.php\/wp-json\/wp\/v2\/media?parent=457"}],"curies":[{"name":"wp","href":"https:\/\/api.w.org\/{rel}","templated":true}]}}