
{"id":461,"date":"2026-02-18T09:38:33","date_gmt":"2026-02-18T08:38:33","guid":{"rendered":"https:\/\/zsp15.edu.wroclaw.pl\/?page_id=461"},"modified":"2026-02-20T10:51:31","modified_gmt":"2026-02-20T09:51:31","slug":"wspolpraca-z-unicef-em","status":"publish","type":"page","link":"https:\/\/zsp15.edu.wroclaw.pl\/index.php\/wspolpraca-z-unicef-em\/","title":{"rendered":"Wsp\u00f3\u0142praca z Unicef-em"},"content":{"rendered":"<div class=\"wpb-content-wrapper\"><p>[vc_row][vc_column][vc_column_text css=&#8221;&#8221;]<\/p>\n<p style=\"text-align: center;\"><a href=\"https:\/\/zsp15.edu.wroclaw.pl\/?attachment_id=658\" target=\"_blank\" rel=\"noopener\">Wsp\u00f3\u0142praca z UNICEF-em.pdf (92 KB)<\/a><\/p>\n<p><img loading=\"lazy\" decoding=\"async\" class=\"aligncenter wp-image-662 size-full\" src=\"https:\/\/zsp15.edu.wroclaw.pl\/wp-content\/uploads\/sites\/87\/2026\/02\/1min_loga_wspolnie_unicef_wroclaw_.jpg\" alt=\"\" width=\"350\" height=\"116\" srcset=\"https:\/\/zsp15.edu.wroclaw.pl\/wp-content\/uploads\/sites\/87\/2026\/02\/1min_loga_wspolnie_unicef_wroclaw_.jpg 350w, https:\/\/zsp15.edu.wroclaw.pl\/wp-content\/uploads\/sites\/87\/2026\/02\/1min_loga_wspolnie_unicef_wroclaw_-300x99.jpg 300w\" sizes=\"auto, (max-width: 350px) 100vw, 350px\" \/><img loading=\"lazy\" decoding=\"async\" class=\"aligncenter wp-image-661 size-full\" src=\"https:\/\/zsp15.edu.wroclaw.pl\/wp-content\/uploads\/sites\/87\/2026\/02\/2min_loga_wspolnie_unicef_wroclaw_2.jpg\" alt=\"\" width=\"350\" height=\"116\" srcset=\"https:\/\/zsp15.edu.wroclaw.pl\/wp-content\/uploads\/sites\/87\/2026\/02\/2min_loga_wspolnie_unicef_wroclaw_2.jpg 350w, https:\/\/zsp15.edu.wroclaw.pl\/wp-content\/uploads\/sites\/87\/2026\/02\/2min_loga_wspolnie_unicef_wroclaw_2-300x99.jpg 300w\" sizes=\"auto, (max-width: 350px) 100vw, 350px\" \/><img loading=\"lazy\" decoding=\"async\" class=\"aligncenter wp-image-660 size-full\" src=\"https:\/\/zsp15.edu.wroclaw.pl\/wp-content\/uploads\/sites\/87\/2026\/02\/3min_loga_wspolnie_unicef_wroclaw_3.jpg\" alt=\"\" width=\"350\" height=\"116\" srcset=\"https:\/\/zsp15.edu.wroclaw.pl\/wp-content\/uploads\/sites\/87\/2026\/02\/3min_loga_wspolnie_unicef_wroclaw_3.jpg 350w, https:\/\/zsp15.edu.wroclaw.pl\/wp-content\/uploads\/sites\/87\/2026\/02\/3min_loga_wspolnie_unicef_wroclaw_3-300x99.jpg 300w\" sizes=\"auto, (max-width: 350px) 100vw, 350px\" \/><\/p>\n<hr \/>\n<p><img loading=\"lazy\" decoding=\"async\" class=\"aligncenter wp-image-659 size-full\" src=\"https:\/\/zsp15.edu.wroclaw.pl\/wp-content\/uploads\/sites\/87\/2026\/02\/Logoty_-Klubu_Szkol_UNICEF_st.jpg\" alt=\"\" width=\"300\" height=\"129\" \/>Mi\u0142o nam poinformowa\u0107, \u017ce szko\u0142a otrzyma\u0142a dyplom za zorganizowanie Mi\u0119dzynarodowego Dnia Praw Dziecka. Koordynatorem projektu w szkole by\u0142a p. Magdalena Skurjat, a udzia\u0142 wzi\u0119li uczniowie z klas IV-VIII.[\/vc_column_text][vc_gallery type=&#8221;image_grid&#8221; images=&#8221;667,666&#8243; img_size=&#8221;large&#8221; css=&#8221;&#8221;][\/vc_column][\/vc_row]<\/p>\n<\/div>","protected":false},"excerpt":{"rendered":"<p>[vc_row][vc_column][vc_column_text css=&#8221;&#8221;] Wsp\u00f3\u0142praca z UNICEF-em.pdf (92 KB) Mi\u0142o nam poinformowa\u0107, \u017ce szko\u0142a otrzyma\u0142a dyplom za zorganizowanie Mi\u0119dzynarodowego Dnia Praw Dziecka. Koordynatorem projektu w szkole by\u0142a p. Magdalena Skurjat, a udzia\u0142 [&hellip;]<\/p>\n","protected":false},"author":7,"featured_media":0,"parent":0,"menu_order":0,"comment_status":"closed","ping_status":"closed","template":"","meta":{"footnotes":""},"class_list":["post-461","page","type-page","status-publish","hentry","clearfix"],"_links":{"self":[{"href":"https:\/\/zsp15.edu.wroclaw.pl\/index.php\/wp-json\/wp\/v2\/pages\/461","targetHints":{"allow":["GET"]}}],"collection":[{"href":"https:\/\/zsp15.edu.wroclaw.pl\/index.php\/wp-json\/wp\/v2\/pages"}],"about":[{"href":"https:\/\/zsp15.edu.wroclaw.pl\/index.php\/wp-json\/wp\/v2\/types\/page"}],"author":[{"embeddable":true,"href":"https:\/\/zsp15.edu.wroclaw.pl\/index.php\/wp-json\/wp\/v2\/users\/7"}],"replies":[{"embeddable":true,"href":"https:\/\/zsp15.edu.wroclaw.pl\/index.php\/wp-json\/wp\/v2\/comments?post=461"}],"version-history":[{"count":8,"href":"https:\/\/zsp15.edu.wroclaw.pl\/index.php\/wp-json\/wp\/v2\/pages\/461\/revisions"}],"predecessor-version":[{"id":671,"href":"https:\/\/zsp15.edu.wroclaw.pl\/index.php\/wp-json\/wp\/v2\/pages\/461\/revisions\/671"}],"wp:attachment":[{"href":"https:\/\/zsp15.edu.wroclaw.pl\/index.php\/wp-json\/wp\/v2\/media?parent=461"}],"curies":[{"name":"wp","href":"https:\/\/api.w.org\/{rel}","templated":true}]}}