
{"id":475,"date":"2026-02-27T11:37:22","date_gmt":"2026-02-27T10:37:22","guid":{"rendered":"https:\/\/zsp15.edu.wroclaw.pl\/?page_id=475"},"modified":"2026-03-06T12:02:22","modified_gmt":"2026-03-06T11:02:22","slug":"swietlica","status":"publish","type":"page","link":"https:\/\/zsp15.edu.wroclaw.pl\/index.php\/szkola-podstawowa-nr-25\/swietlica\/","title":{"rendered":"\u015awietlica"},"content":{"rendered":"<div class=\"wpb-content-wrapper\"><p>[vc_row][vc_column][vc_tta_accordion c_icon=&#8221;chevron&#8221; active_section=&#8221;1&#8243;][vc_tta_section title=&#8221;Informacje og\u00f3lne&#8221; tab_id=&#8221;1772187588581-19155606-8fd2&#8243;][vc_column_text css=&#8221;&#8221;]<\/p>\n<p style=\"text-align: center;\"><a href=\"https:\/\/zsp15.edu.wroclaw.pl\/wp-content\/uploads\/sites\/87\/2026\/02\/ZASADY_POSTEPOWANIA_W_PRZYPADKU_NIEODEBRANIA_DZIECKA.pdf\" target=\"_blank\" rel=\"noopener\">ZASADY POST\u0118POWANIA W PRZYPADKU NIEODEBRANIA DZIECKA ZE \u015aWIETLICY W WYZNACZONYCH GODZINACH PRACY.pdf (67 KB)<\/a><\/p>\n<h3 style=\"text-align: center;\">DRODZY RODZICE<\/h3>\n<h4 style=\"text-align: center;\">Nauczyciele w \u015bwietlicy szkolnej pe\u0142ni\u0105 opiek\u0119 nad uczniami od 6:30 do 17:00.<\/h4>\n<p style=\"text-align: center;\">Od godziny 6:30 &#8211; 7:00 uczniowie wszystkich klas przychodz\u0105 na pierwsze pi\u0119tro do \u015bwietlicy klas pierwszych s. 112 pi\u0119tro I.<\/p>\n<p style=\"text-align: center;\">O godzinie 7:00 uczniowie wraz z nauczycielem wychowawc\u0105 przechodz\u0105 do odpowiednio przypisanych im sal \u015bwietlicowych tj.<\/p>\n<p style=\"text-align: center;\">klasa 1a 1c, 1d, 1f &#8211; sala 110 pi\u0119tro I<br \/>\nklasa 1b, 1e- sala 113 pi\u0119tro I<br \/>\nklasa 2a, 2b, 2d, 2e, 2g &#8211; sala 224 pi\u0119tro II<br \/>\nklasa 2c, 2f &#8211; sala 207 pi\u0119tro II (od 16.30 w sali 224)<br \/>\ni pozostaj\u0105 tam do godziny 17:00.<\/p>\n<h4 style=\"text-align: center;\">harmonogram klas trzecich<\/h4>\n<p style=\"text-align: center;\">6.30 &#8211; 8.00 w sali 110<br \/>\n8.00 &#8211; 16.30 w sali 106<br \/>\n16.30 &#8211; 17.00 w sali 110<\/p>\n<p style=\"text-align: center;\">Przypominamy, \u017ce dzieci ze \u015bwietlicy szkolnej odbieraj\u0105 Pa\u0144stwo PIERWSZE KLASY osobi\u015bcie, a klasy drugie i trzecie po wywo\u0142aniu VIDEODOMOFONEM.<\/p>\n<p style=\"text-align: center;\">Po godzinie 17:00 bierzecie Pa\u0144stwo pe\u0142n\u0105 odpowiedzialno\u015b\u0107<br \/>\nza zdrowie i \u017cycie waszych dzieci.<\/p>\n<h3><\/h3>\n<h3 style=\"text-align: center;\">SZANOWNI RODZICE<\/h3>\n<p style=\"text-align: center;\">W \u015bwietlicy szkolnej obowi\u0105zuje okre\u015blony harmonogram dnia. W nim zaplanowane s\u0105 zaj\u0119cia grupowe, gry i zabawy, czas na odrabianie pracy domowej, nauk\u0119 w\u0142asn\u0105 oraz tury obiadowe.<\/p>\n<p style=\"text-align: center;\">Szkolny plac zabaw dost\u0119pny jest jedynie dla uczni\u00f3w pozostaj\u0105cych pod opiek\u0105 nauczycieli wychowawc\u00f3w.\u00a0Oznacza to, \u017ce nie mog\u0105 korzysta\u0107 z niego dzieci odebrane ze szko\u0142y przez rodzic\u00f3w\/opiekun\u00f3w.<\/p>\n<p>&nbsp;<\/p>\n<p>[\/vc_column_text][\/vc_tta_section][vc_tta_section title=&#8221;Plan dnia w \u015bwietlicy szkolnej \u201eMrowisko\u201d&#8221; tab_id=&#8221;1772187588592-5b571ec7-8bb7&#8243;][vc_cta h2=&#8221;&#8221; txt_align=&#8221;center&#8221; css=&#8221;&#8221;]<\/p>\n<table style=\"height: 504px; width: 100%; border-collapse: collapse; background-color: #f7f7f7;\" border=\"0\">\n<tbody>\n<tr style=\"height: 72px;\">\n<td style=\"width: 14.2857%; height: 72px; text-align: left;\"><strong>6.30 \u2013 8.30<\/strong><\/td>\n<td style=\"width: 85.7143%; height: 72px; text-align: left;\">Schodzenie si\u0119 dzieci, pierwsze \u015bniadanie, czynno\u015bci porz\u0105dkowe, zaj\u0119cia stolikowe, zabawy swobodne wed\u0142ug zainteresowa\u0144 uczni\u00f3w<\/td>\n<\/tr>\n<tr style=\"height: 72px;\">\n<td style=\"width: 14.2857%; height: 72px; text-align: left;\"><strong>8.30 \u2013 9.30<\/strong><\/td>\n<td style=\"width: 85.7143%; height: 72px; text-align: left;\">Zaj\u0119cia ruchowe, rytmizuj\u0105ce przy muzyce. Rozwi\u0105zywanie zagadek i rebus\u00f3w, zaj\u0119cia plastyczno-techniczne, zaj\u0119cia manualne<\/td>\n<\/tr>\n<tr style=\"height: 48px;\">\n<td style=\"width: 14.2857%; height: 48px; text-align: left;\"><strong>9.30 \u2013 10.30<\/strong><\/td>\n<td style=\"width: 85.7143%; height: 48px; text-align: left;\">Zaj\u0119cia wychowawczo \u2013 dydaktyczne wed\u0142ug planu rocznego, rozmowy kierowane. Czytanie literatury dzieci\u0119cej<\/td>\n<\/tr>\n<tr style=\"height: 48px;\">\n<td style=\"width: 14.2857%; height: 48px; text-align: left;\"><strong>10.30 \u2013 12.00<\/strong><\/td>\n<td style=\"width: 85.7143%; height: 48px; text-align: left;\">Przerwa obiadowa klas pierwszych. Przygotowanie do wyj\u015bcia na zaj\u0119cia dydaktyczne<\/td>\n<\/tr>\n<tr style=\"height: 72px;\">\n<td style=\"width: 14.2857%; height: 72px; text-align: left;\"><strong>12.00 \u2013 13.30<\/strong><\/td>\n<td style=\"width: 85.7143%; height: 72px; text-align: left;\">Przerwa obiadowa. Czynno\u015bci higieniczno \u2013 porz\u0105dkowe, zaj\u0119cia relaksacyjne. Zabawy dowolne w k\u0105cikach zainteresowa\u0144 uczni\u00f3w<\/td>\n<\/tr>\n<tr style=\"height: 24px;\">\n<td style=\"width: 14.2857%; height: 24px; text-align: left;\"><strong>13.30 \u2013 14.00<\/strong><\/td>\n<td style=\"width: 85.7143%; height: 24px; text-align: left;\">Cykliczne czytanie literatury dzieci\u0119cej.<\/td>\n<\/tr>\n<tr style=\"height: 24px;\">\n<td style=\"width: 14.2857%; height: 24px; text-align: left;\"><strong>14.00 &#8211; 15.00<\/strong><\/td>\n<td style=\"width: 85.7143%; height: 24px; text-align: left;\">Praca w\u0142asna pod kierunkiem wychowawcy \u015bwietlicy<\/td>\n<\/tr>\n<tr style=\"height: 96px;\">\n<td style=\"width: 14.2857%; height: 96px; text-align: left;\"><strong>15.00 \u2013 16.00<\/strong><\/td>\n<td style=\"width: 85.7143%; height: 96px; text-align: left;\">Zaj\u0119cia stolikowe wed\u0142ug zainteresowa\u0144 uczni\u00f3w, gry i zabawy umys\u0142owe (gry planszowe, edukacyjne). Zaj\u0119cia tematyczne wed\u0142ug planu, zaj\u0119cia wychowawczo \u2013 dydaktyczne, korzystanie z biblioteki szkolnej (klasy drugie i trzecie)<\/td>\n<\/tr>\n<tr style=\"height: 24px;\">\n<td style=\"width: 14.2857%; height: 24px; text-align: left;\"><strong>16.00 \u2013 16.45<\/strong><\/td>\n<td style=\"width: 85.7143%; height: 24px; text-align: left;\">Zabawy na \u015bwie\u017cym powietrzu. Zabawy w k\u0105cikach zainteresowa\u0144, gry i zabawy umys\u0142owe, ogl\u0105danie film\u00f3w animowanych i edukacyjnych.<\/td>\n<\/tr>\n<tr style=\"height: 24px;\">\n<td style=\"width: 14.2857%; height: 24px; text-align: left;\"><strong>16.45 \u2013 17.00<\/strong><\/td>\n<td style=\"width: 85.7143%; height: 24px; text-align: left;\">Porz\u0105dkowanie sali \u015bwietlicowej<\/td>\n<\/tr>\n<\/tbody>\n<\/table>\n<p>[\/vc_cta][\/vc_tta_section][vc_tta_section title=&#8221;Karty zg\u0142osze\u0144 do \u015bwietlicy szkolnej&#8221; tab_id=&#8221;1772189869945-586b8b5e-b7da&#8221;][vc_column_text css=&#8221;&#8221;]<\/p>\n<ul>\n<li><a href=\"https:\/\/zsp15.edu.wroclaw.pl\/wp-content\/uploads\/sites\/87\/2026\/02\/Karta_zgloszenia_swietlica.doc\" target=\"_blank\" rel=\"noopener\">karta zg\u0142oszenia do \u015bwietlicy.doc (67 KB)<\/a><\/li>\n<li><a href=\"https:\/\/zsp15.edu.wroclaw.pl\/wp-content\/uploads\/sites\/87\/2026\/02\/Karta_zgloszenia_swietlica.pdf\" target=\"_blank\" rel=\"noopener\">karta zg\u0142oszenia do \u015bwietlicy.pdf (677 KB)<\/a><\/li>\n<li><a href=\"https:\/\/zsp15.edu.wroclaw.pl\/index.php\/szkola-podstawowa-nr-25\/swietlica\/31x2018_regulamin_swietlicy_szkolnej_w_sp25__zasady\/\" target=\"_blank\" rel=\"noopener\">Regulamin \u015bwietlicy szkolnej w SP nr 25.pdf (125 KB)<\/a><\/li>\n<li><a href=\"https:\/\/zsp15.edu.wroclaw.pl\/index.php\/szkola-podstawowa-nr-25\/swietlica\/zasady_bezpieczenstwa_w_swietlicy\/\" target=\"_blank\" rel=\"noopener\">Og\u00f3lne zasady zapewniaj\u0105ce bezpiecze\u0144stwo w \u015bwietlicy szkolnej.pdf (273 KB)<\/a><\/li>\n<li><a href=\"https:\/\/zsp15.edu.wroclaw.pl\/index.php\/szkola-podstawowa-nr-25\/swietlica\/zgoda_dla_firm_zewnetrznych\/\" target=\"_blank\" rel=\"noopener\">Zgoda dla firm zewn\u0119trznych (za\u0142\u0105cznik nr 2).pdf (54 KB)<\/a><\/li>\n<li><a href=\"https:\/\/zsp15.edu.wroclaw.pl\/index.php\/szkola-podstawowa-nr-25\/swietlica\/oswiadczenie_w_szczegolnych_przypadkach\/\" target=\"_blank\" rel=\"noopener\">O\u015bwiadczenie w szczeg\u00f3lnych przypadkach (za\u0142\u0105cznik nr 3).pdf (74 KB)<\/a><\/li>\n<\/ul>\n<p>[\/vc_column_text][\/vc_tta_section][vc_tta_section title=&#8221;\u015awietlica-galeria&#8221; tab_id=&#8221;1772190838540-76e5459f-41a7&#8243;][vc_column_text css=&#8221;&#8221;]<\/p>\n<h2 style=\"text-align: center;\">2025\/26<\/h2>\n<p style=\"text-align: center;\"><a href=\"https:\/\/www.canva.com\/design\/DAF9O1lUzak\/qY12O3-EPnjGGOx9mcsp2w\/view?utm_content=DAF9O1lUzak&amp;utm_campaign=designshare&amp;utm_medium=link&amp;utm_source=editor\" target=\"_blank\" rel=\"noopener\">\u015awietlica szkolna MROWISKO<\/a><br \/>\n<a href=\"https:\/\/zsp15.edu.wroclaw.pl\/index.php\/szkola-podstawowa-nr-25\/swietlica\/fotorelacja_swietlicowa_styczen\/\" target=\"_blank\" rel=\"noopener\">FOTORELACJA-STYCZE\u0143.pdf (54 MB)<\/a><br \/>\nFOTORELACJA-GRUDZIE\u0143<br \/>\nFOTORELACJA-LISTOPAD<br \/>\nFOTORELACJA-PA\u0179DZIERNIK<br \/>\nFOTORELACJA-WRZESIE\u0143<\/p>\n<h3 style=\"text-align: center;\">PROJEKTY<\/h3>\n<p style=\"text-align: center;\"><a href=\"https:\/\/zsp15.edu.wroclaw.pl\/index.php\/szkola-podstawowa-nr-25\/swietlica\/spis_tresci_cyfrowa_szanasa\/\" target=\"_blank\" rel=\"noopener\">CYFROWA_SZANSA.pdf (148 KB)<\/a><br \/>\n<a href=\"https:\/\/zsp15.edu.wroclaw.pl\/index.php\/szkola-podstawowa-nr-25\/swietlica\/spis_tresci_nzs\/\" target=\"_blank\" rel=\"noopener\">NAJDZIWNIEJSZE ZWIERZ\u0118TA \u015aWIATA.pdf (322 KB)<\/a><br \/>\n<a href=\"https:\/\/zsp15.edu.wroclaw.pl\/index.php\/szkola-podstawowa-nr-25\/swietlica\/spis_swietlica_na_medal\/\" target=\"_blank\" rel=\"noopener\">\u015aWIETLICA NA MEDAL.pdf (255 KB)<\/a><br \/>\n<a href=\"https:\/\/zsp15.edu.wroclaw.pl\/index.php\/szkola-podstawowa-nr-25\/swietlica\/spis_sztuka_emocji\/\" target=\"_blank\" rel=\"noopener\">SZTUKA EMOCJI.pdf (142 KB)<\/a><\/p>\n<h3 style=\"text-align: center;\">W 288 DNI DOOKO\u0141A \u015aWIATA<\/h3>\n<p style=\"text-align: center;\"><a href=\"https:\/\/zsp15.edu.wroclaw.pl\/index.php\/szkola-podstawowa-nr-25\/swietlica\/wlochy\/\" target=\"_blank\" rel=\"noopener\">W\u0141OCHY.pdf (47 MB)<\/a><br \/>\n<a href=\"https:\/\/www.canva.com\/design\/DAGct3pX4Os\/4N3T7k-8BqcAejCFSYyZSg\/edit?utm_content=DAGct3pX4Os&amp;utm_campaign=designshare&amp;utm_medium=link2&amp;utm_source=sharebutton\" target=\"_blank\" rel=\"noopener\">FINLANDIA<\/a><br \/>\n<a href=\"https:\/\/zsp15.edu.wroclaw.pl\/index.php\/szkola-podstawowa-nr-25\/swietlica\/japonia\/\" target=\"_blank\" rel=\"noopener\">JAPONIA.pdf (11.4 MB)<\/a><\/p>\n<h3 style=\"text-align: center;\">ARCHIWUM<\/h3>\n<p style=\"text-align: center;\"><a href=\"https:\/\/sites.google.com\/view\/swietlicaszkolna25\" target=\"_blank\" rel=\"noopener\">Wirtualna \u015bwietlica szkolna 1<\/a><br \/>\n<a href=\"https:\/\/sites.google.com\/view\/swietlicasp25\/strona-g%C5%82%C3%B3wna\" target=\"_blank\" rel=\"noopener\">Wirtualna \u015bwietlica szkolna 2<\/a><\/p>\n<p style=\"text-align: center;\"><a href=\"https:\/\/zsp15.edu.wroclaw.pl\/wp-content\/uploads\/sites\/87\/2026\/03\/Swietlica_Szkolna_SP_25.mp4\" target=\"_blank\" rel=\"noopener\">\u015awietlica szkolna MROWISKO.mp4 (12 MB)<\/a><\/p>\n<p>[\/vc_column_text][\/vc_tta_section][\/vc_tta_accordion][\/vc_column][\/vc_row]<\/p>\n<\/div>","protected":false},"excerpt":{"rendered":"<p>[vc_row][vc_column][vc_tta_accordion c_icon=&#8221;chevron&#8221; active_section=&#8221;1&#8243;][vc_tta_section title=&#8221;Informacje og\u00f3lne&#8221; tab_id=&#8221;1772187588581-19155606-8fd2&#8243;][vc_column_text css=&#8221;&#8221;] ZASADY POST\u0118POWANIA W PRZYPADKU NIEODEBRANIA DZIECKA ZE \u015aWIETLICY W WYZNACZONYCH GODZINACH PRACY.pdf (67 KB) DRODZY RODZICE Nauczyciele w \u015bwietlicy szkolnej pe\u0142ni\u0105 opiek\u0119 nad [&hellip;]<\/p>\n","protected":false},"author":7,"featured_media":0,"parent":19,"menu_order":0,"comment_status":"closed","ping_status":"closed","template":"","meta":{"footnotes":""},"class_list":["post-475","page","type-page","status-publish","hentry","clearfix"],"_links":{"self":[{"href":"https:\/\/zsp15.edu.wroclaw.pl\/index.php\/wp-json\/wp\/v2\/pages\/475","targetHints":{"allow":["GET"]}}],"collection":[{"href":"https:\/\/zsp15.edu.wroclaw.pl\/index.php\/wp-json\/wp\/v2\/pages"}],"about":[{"href":"https:\/\/zsp15.edu.wroclaw.pl\/index.php\/wp-json\/wp\/v2\/types\/page"}],"author":[{"embeddable":true,"href":"https:\/\/zsp15.edu.wroclaw.pl\/index.php\/wp-json\/wp\/v2\/users\/7"}],"replies":[{"embeddable":true,"href":"https:\/\/zsp15.edu.wroclaw.pl\/index.php\/wp-json\/wp\/v2\/comments?post=475"}],"version-history":[{"count":17,"href":"https:\/\/zsp15.edu.wroclaw.pl\/index.php\/wp-json\/wp\/v2\/pages\/475\/revisions"}],"predecessor-version":[{"id":815,"href":"https:\/\/zsp15.edu.wroclaw.pl\/index.php\/wp-json\/wp\/v2\/pages\/475\/revisions\/815"}],"up":[{"embeddable":true,"href":"https:\/\/zsp15.edu.wroclaw.pl\/index.php\/wp-json\/wp\/v2\/pages\/19"}],"wp:attachment":[{"href":"https:\/\/zsp15.edu.wroclaw.pl\/index.php\/wp-json\/wp\/v2\/media?parent=475"}],"curies":[{"name":"wp","href":"https:\/\/api.w.org\/{rel}","templated":true}]}}