
{"id":479,"date":"2026-03-04T11:25:32","date_gmt":"2026-03-04T10:25:32","guid":{"rendered":"https:\/\/zsp15.edu.wroclaw.pl\/?page_id=479"},"modified":"2026-03-04T11:32:10","modified_gmt":"2026-03-04T10:32:10","slug":"rzecznik-praw-ucznia","status":"publish","type":"page","link":"https:\/\/zsp15.edu.wroclaw.pl\/index.php\/szkola-podstawowa-nr-25\/rzecznik-praw-ucznia\/","title":{"rendered":"Rzecznik Praw Ucznia"},"content":{"rendered":"<h2 style=\"text-align: center;\">RZECZNIK PRAW UCZNIA W SP nr 25<\/h2>\n<h3 style=\"text-align: center;\">p. Grzegorz Cybula<\/h3>\n<p style=\"text-align: center;\">W dniu 29.09.2023r. odby\u0142o si\u0119 g\u0142osowanie na rzecznika praw ucznia. G\u0142osowali uczniowie klas 4-8. Rzecznikiem zosta\u0142 Pan Grzegorz Cybula.<br \/>\n<a href=\"https:\/\/zsp15.edu.wroclaw.pl\/wp-content\/uploads\/sites\/87\/2026\/03\/23_24_wybory_rzecznika_praw_ucznia-scaled.jpg\" target=\"_blank\" rel=\"noopener\">Fotorelacja.jpg (1.9 MB)<\/a><\/p>\n<p style=\"text-align: center;\"><a href=\"https:\/\/zsp15.edu.wroclaw.pl\/?attachment_id=765\" target=\"_blank\" rel=\"noopener\">Regulamin funkcjonowania i powo\u0142ywania Rzecznika Praw Ucznia w SP nr 25.pdf (124 KB)<\/a><\/p>\n<p style=\"text-align: center;\"><a href=\"https:\/\/zsp15.edu.wroclaw.pl\/?attachment_id=764\">Zadania Rzecznika Praw Ucznia.pdf (79 KB)<\/a><\/p>\n<h2 style=\"text-align: center;\">RZECZNIK PRAW UCZNIA KLAS M\u0141ODSZYCH<\/h2>\n<h3 style=\"text-align: center;\">\u00a0p. Sebastian Smolibowski<\/h3>\n<p style=\"text-align: center;\"><a href=\"https:\/\/zsp15.edu.wroclaw.pl\/?attachment_id=763\" target=\"_blank\" rel=\"noopener\">Czym zajmuje si\u0119 rzecznik ?.pdf (148 KB)<\/a><\/p>\n<p><img loading=\"lazy\" decoding=\"async\" class=\"aligncenter wp-image-762\" src=\"https:\/\/zsp15.edu.wroclaw.pl\/wp-content\/uploads\/sites\/87\/2026\/03\/plakatRPU.jpg\" alt=\"\" width=\"453\" height=\"640\" srcset=\"https:\/\/zsp15.edu.wroclaw.pl\/wp-content\/uploads\/sites\/87\/2026\/03\/plakatRPU.jpg 700w, https:\/\/zsp15.edu.wroclaw.pl\/wp-content\/uploads\/sites\/87\/2026\/03\/plakatRPU-212x300.jpg 212w\" sizes=\"auto, (max-width: 453px) 100vw, 453px\" \/><\/p>\n","protected":false},"excerpt":{"rendered":"<p>RZECZNIK PRAW UCZNIA W SP nr 25 p. Grzegorz Cybula W dniu 29.09.2023r. odby\u0142o si\u0119 g\u0142osowanie na rzecznika praw ucznia. G\u0142osowali uczniowie klas 4-8. Rzecznikiem zosta\u0142 Pan Grzegorz Cybula. Fotorelacja.jpg [&hellip;]<\/p>\n","protected":false},"author":7,"featured_media":0,"parent":19,"menu_order":0,"comment_status":"closed","ping_status":"closed","template":"","meta":{"footnotes":""},"class_list":["post-479","page","type-page","status-publish","hentry","clearfix"],"_links":{"self":[{"href":"https:\/\/zsp15.edu.wroclaw.pl\/index.php\/wp-json\/wp\/v2\/pages\/479","targetHints":{"allow":["GET"]}}],"collection":[{"href":"https:\/\/zsp15.edu.wroclaw.pl\/index.php\/wp-json\/wp\/v2\/pages"}],"about":[{"href":"https:\/\/zsp15.edu.wroclaw.pl\/index.php\/wp-json\/wp\/v2\/types\/page"}],"author":[{"embeddable":true,"href":"https:\/\/zsp15.edu.wroclaw.pl\/index.php\/wp-json\/wp\/v2\/users\/7"}],"replies":[{"embeddable":true,"href":"https:\/\/zsp15.edu.wroclaw.pl\/index.php\/wp-json\/wp\/v2\/comments?post=479"}],"version-history":[{"count":6,"href":"https:\/\/zsp15.edu.wroclaw.pl\/index.php\/wp-json\/wp\/v2\/pages\/479\/revisions"}],"predecessor-version":[{"id":771,"href":"https:\/\/zsp15.edu.wroclaw.pl\/index.php\/wp-json\/wp\/v2\/pages\/479\/revisions\/771"}],"up":[{"embeddable":true,"href":"https:\/\/zsp15.edu.wroclaw.pl\/index.php\/wp-json\/wp\/v2\/pages\/19"}],"wp:attachment":[{"href":"https:\/\/zsp15.edu.wroclaw.pl\/index.php\/wp-json\/wp\/v2\/media?parent=479"}],"curies":[{"name":"wp","href":"https:\/\/api.w.org\/{rel}","templated":true}]}}

<h2 style="text-align: center;">RZECZNIK PRAW UCZNIA W SP nr 25</h2>
<h3 style="text-align: center;">p. Grzegorz Cybula</h3>
<p style="text-align: center;">W dniu 29.09.2023r. odbyło się głosowanie na rzecznika praw ucznia. Głosowali uczniowie klas 4-8. Rzecznikiem został Pan Grzegorz Cybula.<br />
<a href="https://zsp15.edu.wroclaw.pl/wp-content/uploads/sites/87/2026/03/23_24_wybory_rzecznika_praw_ucznia-scaled.jpg" target="_blank" rel="noopener">Fotorelacja.jpg (1.9 MB)</a></p>
<p style="text-align: center;"><a href="https://zsp15.edu.wroclaw.pl/?attachment_id=765" target="_blank" rel="noopener">Regulamin funkcjonowania i powoływania Rzecznika Praw Ucznia w SP nr 25.pdf (124 KB)</a></p>
<p style="text-align: center;"><a href="https://zsp15.edu.wroclaw.pl/?attachment_id=764">Zadania Rzecznika Praw Ucznia.pdf (79 KB)</a></p>
<h2 style="text-align: center;">RZECZNIK PRAW UCZNIA KLAS MŁODSZYCH</h2>
<h3 style="text-align: center;"> p. Sebastian Smolibowski</h3>
<p style="text-align: center;"><a href="https://zsp15.edu.wroclaw.pl/?attachment_id=763" target="_blank" rel="noopener">Czym zajmuje się rzecznik ?.pdf (148 KB)</a></p>
<p><img loading="lazy" decoding="async" class="aligncenter wp-image-762" src="https://zsp15.edu.wroclaw.pl/wp-content/uploads/sites/87/2026/03/plakatRPU.jpg" alt="" width="453" height="640" srcset="https://zsp15.edu.wroclaw.pl/wp-content/uploads/sites/87/2026/03/plakatRPU.jpg 700w, https://zsp15.edu.wroclaw.pl/wp-content/uploads/sites/87/2026/03/plakatRPU-212x300.jpg 212w" sizes="auto, (max-width: 453px) 100vw, 453px" /></p>

<p>RZECZNIK PRAW UCZNIA W SP nr 25 p. Grzegorz Cybula W dniu 29.09.2023r. odbyło się głosowanie na rzecznika praw ucznia. Głosowali uczniowie klas 4-8. Rzecznikiem został Pan Grzegorz Cybula. Fotorelacja.jpg [&hellip;]</p>
